 = m. List the prime factors of t.
191
Let d(o) = 8*o + 21. Suppose 5*k - 11 = -2*x, -3*k + 2*k + 1 = x. Let i be ((-66)/(-4))/k - 1/2. List the prime factors of d(i).
61
Let n = 7294 - 4830. What are the prime factors of n?
2, 7, 11
Let s(i) = 2629*i - 244. What are the prime factors of s(6)?
2, 5, 1553
Suppose 4 = 2*y, 3*b = 4*b - y - 216. Let k be (b/4 - 0/5)*-12. What are the prime factors of (k/9)/(1/(2 - 5))?
2, 109
Let k = 672 + -545. List the prime factors of k.
127
Let p(o) = 6*o**2 - 70*o + 42. Let t(n) = -13*n**2 + 141*n - 84. Let i(q) = -9*p(q) - 4*t(q). What are the prime factors of i(31)?
2, 41
Suppose 18*o = 16*o + 5*w + 35399, -2*w - 70774 = -4*o. What are the prime factors of o?
2, 4423
Let m = 207 - -79. Suppose r + 57 - m = 0. List the prime factors of r.
229
Suppose 0 = 238*p - 239*p + 3. Suppose -p*n = -2*l - 1964 - 1346, 0 = 5*n + l - 5534. What are the prime factors of n?
2, 7, 79
Suppose 314757 = 34*m + 89*m. List the prime factors of m.
3, 853
Let x = 553 + -956. Let r = -369 - x. List the prime factors of r.
2, 17
Suppose 5*q - 7*q = -2. Let g be q - -11 - 3/2*-2. List the prime factors of (2 - 1)*(g - 16)*-144.
2, 3
Let t = 1802 + 2387. What are the prime factors of t?
59, 71
Let c be ((15/(-3) - -4) + 18)*1. Suppose c + 7 = -2*f. What are the prime factors of f/15 + (-2757)/(-15)?
3, 61
Suppose 2*v - 13 + 13 = 0. Let b be 1 + (-1 - (-2 + v)). What are the prime factors of -147*(-3)/9*b?
2, 7
Let j = -4800 - -7784. Suppose j = -55*n + 59*n. Suppose -n = -8*t + 614. List the prime factors of t.
2, 5, 17
Let b = -576 - -582. List the prime factors of ((12*118)/(-6))/((-4)/b).
2, 3, 59
Let z be (-1 - 13/5)/(270/(-900)). Suppose 7*f = z*f - 1060. List the prime factors of f.
2, 53
Let t = 487 - 469. Suppose -19*o + t*o + 1292 = 0. What are the prime factors of o?
2, 17, 19
Suppose -59*f = -80*f + 76*f - 2164800. List the prime factors of f.
2, 3, 5, 41
Suppose 3*l - 249 = -3*h, -5*l - 2*h + 127 = -300. Suppose -j = 4*m - l - 20, -j + 100 = -3*m. Let v = -33 + j. List the prime factors of v.
2, 5, 7
Let g(w) be the second derivative of -w**5/20 - 13*w**4/12 + 5*w**3/6 - 17*w**2/2 + 6*w + 2. Let j(k) = 4*k - 2. Let h be j(-3). List the prime factors of g(h).
109
Let y be 116964/234 + 2/13. Suppose 7693 = -y*q + 507*q. What are the prime factors of q?
7, 157
Let r = 2722 + -799. Suppose -3*s - 4*j + r = -3*j, -1290 = -2*s + 2*j. What are the prime factors of s?
2, 3, 107
What are the prime factors of (-9617329)/(-381) + ((-32)/(-12) - 2)?
25243
Suppose 0 = -2*k + 2, 28*k = 3*n + 29*k - 9106. Let w = n - 1208. List the prime factors of w.
3, 7, 29
Let x(d) = 4*d - 33. Let o be x(12). Suppose 11*f + 228 = o*f. What are the prime factors of f?
3, 19
Suppose -19326 = -3*v + 5*u, -v = -389*u + 387*u - 6444. What are the prime factors of v?
2, 3, 67
Let h = 1003 - 1481. Let r = h - -840. Let s = r + -226. List the prime factors of s.
2, 17
Let q(s) = 37*s**3 + 34*s**2 - 41*s + 78. List the prime factors of q(11).
2, 13, 1019
Let k(o) = 11*o**3 + 2*o**2 - 3*o + 1. Let u be k(1). Suppose 8*g + u*g - 13870 = 0. Suppose 0*d - g = -5*d. What are the prime factors of d?
2, 73
Let s = 528 + -526. Suppose -422 = -s*b + 4*d, 0 = -2*b + d - 5*d + 430. What are the prime factors of b?
3, 71
Let v = 250 + -405. Let f = v + 356. What are the prime factors of f?
3, 67
Let j be 9/(-12) - 27/(-36). Suppose -l + 3 = -j. Let h(q) = 22*q**2 - 7*q + 7. List the prime factors of h(l).
2, 23
Let s(g) = -14*g - 2. Suppose c + 3*k = -11, 4*c - 4*k + 1 = 5. Let d be 2*(-3)/9*(c - -11). List the prime factors of s(d).
2, 41
Suppose 4*u = 0, -x + 5*x - 38624 = 71*u - 69*u. List the prime factors of x.
2, 17, 71
Suppose 4*f = 308*t - 306*t + 14936, -4*f = -4*t - 14944. List the prime factors of f.
2, 3, 311
Suppose -4*c + 5*y + 34708 = 0, 3*c = -16*y + 15*y + 26050. What are the prime factors of c?
2, 3, 1447
Suppose -25*c + 24*c = -2*o - 5388, 2*o = -5*c + 26892. List the prime factors of c.
2, 5, 269
Suppose -4344 - 1282 = -5*z - l, -5*z = -5*l - 5590. What are the prime factors of z?
2, 281
Let i(m) = 5*m - 11. Let o(r) = -2*r + 15. Let w be o(6). Suppose 3*l - 38 = -4*j, -l - 4*l = -w*j + 14. What are the prime factors of i(j)?
29
Let t be 2/6*-6 + 335*1. Let w = t - -110. What are the prime factors of w?
443
Suppose -4*g = -11*g - 7735. Let i = g + 2191. What are the prime factors of i?
2, 3, 181
Suppose 17*m + 84*m - 731930 = 2397959. What are the prime factors of m?
7, 19, 233
Suppose 2*z + 5892 = 51902. Suppose -5*h + z = 38*h. List the prime factors of h.
5, 107
Let d(n) = 4*n**2 + 7*n - 19. Suppose -25 = -3*z - 0*z + x, 17 = 2*z - x. Let i be d(z). Let l = -136 + i. List the prime factors of l.
157
Let y(m) = 36*m**2 + 3*m - 9. Suppose 25*r - 16*r = 36. What are the prime factors of y(r)?
3, 193
Suppose -5*x - 398 = 2*w - 2629, -3*x = 3*w - 3369. List the prime factors of w.
2, 3, 47
Let j(r) = -9*r + 101. Let y = 237 + -235. List the prime factors of j(y).
83
Let v(a) = 4*a**2 + 3*a - 4. Let d(n) = -16*n**2 - 13*n + 17. Let i(y) = 2*d(y) + 9*v(y). Let b be i(1). What are the prime factors of (-3)/(9/6) + 69/b?
3, 7
Let o = 47 + 190. Suppose 243*f - o*f = 1920. What are the prime factors of f?
2, 5
Let a(w) = w**3 + 2*w**2 - 5*w + 5. Suppose -2*j + 4 = -2*k, 38 = 3*j - 0*k + 5*k. What are the prime factors of a(j)?
263
Suppose -l - 3*b = 0, -4*l - l = 4*b. Suppose 5*x - 57 = -3*j, -5*x - 2*j + 3*j + 41 = 0. Suppose x + 5 = 3*c - a, l = -2*a + 8. List the prime factors of c.
2, 3
Suppose 3*s + 93 = -s - 5*m, m - 84 = 3*s. Let c = 200 - 124. Let d = s + c. What are the prime factors of d?
7
Let t be (-4)/((-12)/81) - (-4 - -7). Suppose 0 = -s - 17 + t. Suppose -2*f + 22 = 4*k, -2*k + s*k - 38 = -3*f. List the prime factors of f.
3, 7
Let l(w) = 1 - 54*w**3 + 8*w + 3*w**2 + 17*w - 22*w. List the prime factors of l(-2).
439
Suppose -8 + 4 = -f. Suppose -f*n = -a + 269, n = 3*n - a + 137. What are the prime factors of 5/((-10)/(-4)) - (-2 + n)?
2, 5, 7
Let w = -3821 + 17105. What are the prime factors of w?
2, 3, 41
Let b be (-852)/(-9)*(-9)/(-6). Suppose 3*c - i + b = 0, i + 234 = -5*c - 0*c. Let w = 102 + c. What are the prime factors of w?
5, 11
Let j(f) = 43*f**2 + 180*f - 1243. What are the prime factors of j(24)?
5, 5569
Suppose -2*h - 2*h - 4*n + 16 = 0, n = 0. Let x(z) = -h*z + z - 5 - 4*z**2 + z**3 + 5*z. List the prime factors of x(4).
3
Suppose -100 = -4*b + 4*j, 4*b + b + 4*j - 170 = 0. List the prime factors of (36/b)/((-10)/(-2475)).
3, 11
Let n = 383 - -810. What are the prime factors of n?
1193
Let v(n) = 3 - 19*n**2 - 14*n**2 - 25*n + 34*n**2 + 8*n. Let p = 21 - 0. List the prime factors of v(p).
3, 29
Let z = -60 - -227. Let d = -119 + z. What are the prime factors of d?
2, 3
Suppose 4*y + 62 = -3*s, -4*s = 2*y + 4 + 22. Let i(x) = -6*x + 72. List the prime factors of i(y).
2, 3, 29
Suppose 9*i = 19*i - 250. Suppose 28631 = i*o + 9956. What are the prime factors of o?
3, 83
Let g be 7 + -4 - 5 - 46. Let d = g - -244. What are the prime factors of d?
2, 7
Let g = 319 + -268. Suppose g*o = 52*o - 311. What are the prime factors of o?
311
Let a = -55 + -41. Let n = a - -317. Let j = n - 98. What are the prime factors of j?
3, 41
Let l(x) = x**2 - 25*x - 28. Let b be l(33). Let u = b + 382. What are the prime factors of u?
2, 3, 103
Let v(g) = -g**3 + 4*g**2 - 5*g + 6. Let d be v(3). Suppose -3*l - s + 12 = d, 0*l + l + s = 4. Suppose -l*h + h + 405 = 0. List the prime factors of h.
3, 5
Let y(o) = -o**3 + 9*o**2 - 17*o - 11. Let u be y(4). Suppose -3*g + 460 = 2*i, 5 = -3*g - u. What are the prime factors of i?
233
List the prime factors of (9 - -7883)*(0 + 1).
2, 1973
Let q = -11 + 8. Let r be (-2*q/(-6))/((-1)/51). List the prime factors of (0 + (-21)/(-12))*(-3 + r).
2, 3, 7
Let q be 4/(-8)*6*-1. Suppose -2*d - 3*v - 137 = 0, q*d = -5*v - 55 - 151. Let y = d - -133. List the prime factors of y.
2, 3, 11
Suppose -z + 719 = 5*j - 2182, 5 = 5*z. Suppose 7*x - 2*x - 2895 = 4*l, -l = -x + j. List the prime factors of x.
5, 23
Suppose 62*p - 5*p = 520125. List the prime factors of p.
5, 73
Let k = -4762 - -4606. Suppose 2*n - 110 = -596. Let j = k - n. What are the prime factors of j?
3, 29
Let m be -1 - -5*5/((-150)/(-36)). Suppose 20